est common divisor of z and 9?
3
Let c = 46 + -18. Suppose k = -z + 13, k + 4*z = 5*k - c. Let x be (-2)/k + 12/10. What is the highest common divisor of 2 and x?
1
Suppose -g - 177 = -4*g. Suppose g + 76 = 3*p. Let l(f) = 2*f**2 - 37*f + 166. Let a be l(7). What is the greatest common factor of p and a?
5
Let c be -7 + (6 - 9) - -5542 - 7. Calculate the highest common factor of c and 663.
221
Let a be 5 + (22/33 - (-230)/6). What is the highest common factor of 319 and a?
11
Suppose 0 = -125*h + 33882 + 172368. What is the highest common divisor of 10 and h?
10
Suppose 2*l - 1671 = -3*w, 4*w + 4109 = 5*l - 126. Calculate the highest common factor of l and 3.
3
Let m = -29361 + 30136. What is the greatest common factor of m and 100?
25
Suppose -279*m = -6454 + 1990. Suppose 3*a - 2316 = -5*n - a, 0 = -3*n + 4*a + 1396. Calculate the greatest common divisor of n and m.
16
Let k = 31371 - 31357. What is the greatest common factor of k and 1687?
7
Suppose 0 = 4*h + 3*i - 732, 3*i + 67 + 131 = h. What is the highest common divisor of 1054 and h?
62
Suppose 14*r - 1702 = -23*r. What is the highest common divisor of 1633 and r?
23
Let p = 85 + -182. Let j = -56 - p. Suppose 50 = 3*q - 2*r - j, -4*q + 116 = -4*r. Calculate the greatest common factor of 132 and q.
33
Let n(y) = y - 227. Let p(u) = 2*u - 231. Let a(v) = -7*n(v) + 6*p(v). Let z be a(17). Calculate the greatest common factor of z and 72.
72
Let u = 7140 + -7131. Suppose -4*h + 5*t = 71 - 349, -5*t = -2*h + 134. What is the highest common factor of u and h?
9
Let i(d) be the first derivative of -13*d**3/3 + 11*d**2/2 - 9*d + 12. Let q be i(5). Let h = q + 440. What is the highest common divisor of h and 23?
23
Suppose -2*g = -5*k - 40, -3*k = 4*g - 149 + 17. Let v = 609 - 589. Let x = v - -55. Calculate the highest common divisor of g and x.
15
Suppose 1366 = 5*j - 38*y + 40*y, 2*y - 6 = 0. Let k be (-88)/(-14) - 4/14. Let z be (-8)/k*51/(-2). Calculate the greatest common factor of j and z.
34
Suppose 67 = 33*p - 890. Calculate the highest common divisor of 1044 and p.
29
Let k be 5 + (0 - 2) + 5. What is the greatest common factor of k and 100?
4
Suppose 11*r + 21058 = 13*r + 10*o, 4*r - 42098 = -2*o. Calculate the highest common divisor of 12 and r.
12
Suppose -10*j = 31 + 9. Let i be (135/1)/(j/24*-6). Calculate the highest common divisor of i and 30.
15
Let h = -243 - -291. What is the greatest common factor of h and 3096?
24
Suppose u - 2*n - n = 46, 0 = -5*u - 4*n + 135. What is the greatest common divisor of u and 4?
1
Let q = -88 - -142. Let m = 6 + q. What is the greatest common divisor of m and 40?
20
Let x be 5 - (4 + -3) - (-9 + 0 + 6). Calculate the greatest common divisor of x and 13.
1
Let k(a) = 14*a**2 - 563*a + 2231. Let p be k(4). What is the highest common factor of 721 and p?
7
Let v be 7 + (0 - -3 - 85/5 - -6). Let p(q) be the third derivative of -q**4 + q**3/6 + q**2. Let x be p(v). Calculate the greatest common factor of x and 75.
25
Let r be (-1171020)/(-3625) - (-3)/(-75). What is the greatest common divisor of 152 and r?
19
Let z(c) = 157*c**2 - 9*c - 1. Let j be ((-11)/33)/((-4)/12). Let m be z(j). Calculate the greatest common factor of m and 21.
21
Let d(h) = -5*h**3 - 67*h**2 + 14. Let b be d(-17). What is the highest common factor of 326 and b?
326
Let b be 39/(36/8 - 3). Suppose 473*c - 238*c + 2574 = 246*c. What is the greatest common factor of c and b?
26
Let i be 45*(-1 + (-5)/(-3)). Suppose 0 = 5*l - 3*y - 197, -26*y + 35 = l - 31*y. What is the greatest common divisor of i and l?
10
Let m = -452 - -852. Suppose 19*c - m = -c. What is the greatest common factor of 180 and c?
20
Let c = 88034 + -88033. Let h be (2 - 1)/((-1)/(-3)). Calculate the highest common divisor of c and h.
1
Let y be (332/415)/(1/5). Suppose 0 = 5*s - 3*t - 160, 4*s - 96 - 32 = -2*t. What is the highest common factor of y and s?
4
Let n = -16927 - -16939. Calculate the highest common divisor of 84 and n.
12
Suppose -z - 5*a + 225 = 0, a = 3*z + 47 - 658. What is the highest common factor of z and 35?
5
Suppose -4*v - 4*n + 76 = 0, 0 = -221*v + 225*v + n - 88. Calculate the greatest common divisor of 7613 and v.
23
Suppose 76*t - 424732 - 643687 = -27*t. Calculate the greatest common divisor of t and 33.
11
Let g(h) = -4*h - 35. Let v = -104 + 79. Let r be g(v). Calculate the greatest common divisor of 13 and r.
13
Suppose u + 0*u - 33 = 0. Let m = -3029 + 3304. What is the highest common factor of u and m?
11
Let o be 9/(9/6*(4 - (-558)/(-140))). Calculate the highest common factor of o and 12740.
140
Let a(h) = 4*h**2 - 4*h - 1. Let x be a(-3). Let i = 2 + x. Let c = -18 - -25. Calculate the greatest common divisor of i and c.
7
Suppose 11 = -k - 3*l, -4*k - 3 - 6 = 5*l. Let w(d) = -k + 6 + 11 - 3*d**2 + 4*d**2 - 21*d. Let x be w(21). Calculate the greatest common divisor of 13 and x.
13
Let h = -1229 - -745. Let z = h - -983. Let p = z + -169. Calculate the highest common divisor of p and 30.
30
Suppose -3*n = 21*n - 2856. Calculate the highest common factor of 21 and n.
7
Let s be ((-165)/(-6))/(2 + -2*(-30)/(-40)). Calculate the highest common factor of 6655 and s.
55
Let w be -2*(1 + -5 - -12)*-4. Let x be (-636)/(-14) + 30/(-70). Let z be 4/10 + 702/x. What is the greatest common factor of z and w?
16
Suppose 6 = 2*k, -5*u + 134 = 5*k - 11. What is the highest common factor of 299 and u?
13
Suppose 145 = 14*k - 502 - 1677. Suppose -1343 = -4*d + u, 8*u + 1684 = 5*d + 5*u. Let l = d - k. What is the highest common divisor of 13 and l?
13
Let v(f) = f**3 + 24*f**2 - 35*f + 24. Let x be v(-25). Suppose 2*r + 2*a = x + 256, -5*r + 1321 = 4*a. What is the highest common divisor of 9 and r?
9
Suppose -4*y + 20 = -0*y. Let d(m) = -2*m**2 + 75*m - 468. Let p be d(9). What is the greatest common divisor of y and p?
5
Let x be 8/(-4) + 1 + 11. Let o = 122 + -127. Let w be (o - (-70)/8)/((-2)/(-48)). Calculate the greatest common factor of w and x.
10
Suppose 47*n + 73*n = -39*n + 795795. What is the greatest common factor of 110 and n?
55
Let i(b) = b**3 - 42*b**2 + 3*b - 48. Let a be i(42). Calculate the highest common divisor of a and 7098.
78
Let z(m) = 14*m**3 - 6*m**2 + 42*m + 75. Let k be z(5). Calculate the greatest common factor of 65 and k.
65
Suppose -q + 4*z + 92 = 0, -q + 33 + 47 = -z. Let c = 418 - 304. Calculate the greatest common divisor of q and c.
38
Let j(l) = l**3 + 20*l**2 - 27*l - 6. Let v be j(-21). Let i = 1098 + -1018. What is the highest common factor of i and v?
40
Let d(s) = 287*s**2 - 109*s - 740. Let t be d(-6). Calculate the highest common divisor of t and 94.
94
Suppose 5*s = -4*c - 6, s = -0*s - c - 2. Suppose 7 = -s*w + 2*d - 7*d, 5*w - 20 = -5*d. What is the highest common factor of w and 21?
3
Let c = -18770 + 18796. Calculate the greatest common divisor of 2899 and c.
13
Let s(a) = -21*a + 19. Let w be s(-2). What is the highest common factor of 549 and w?
61
Let u = 8795 - 8762. Calculate the highest common factor of u and 2838.
33
Let w be (-2 - -1)/((-16)/288). Suppose 2*m + 1144 = 4*t, 2*t - m + 6*m = 596. What is the highest common factor of w and t?
18
Let i = -21 - -34. Let c = 29198 + -29107. What is the highest common divisor of c and i?
13
Suppose 34*a + 607 = 36*a - 3*q, 4*q = -2*a + 642. Calculate the greatest common divisor of 1 and a.
1
Let f be 0*(6 + (-51)/9). Suppose 0 = 2*o - 3 - 5, -2*k + 3*o + 298 = f. Calculate the highest common divisor of 124 and k.
31
Let c(m) = m**2 + 20*m + 144. Let q be c(-14). Calculate the greatest common factor of q and 2220.
60
Let n be (-72)/48 + (-90)/(-4). Suppose -n = -r + 14. What is the highest common divisor of 35 and r?
35
Suppose 2*w + 29 = -36*u + 39*u, 4*w = -3*u + 23. Let z be -1 - -2 - 116/(-1). What is the highest common divisor of z and u?
9
Let a(y) = 8*y**2 - 22*y + 20. Let x be a(17). Let h(f) = 3*f**2 + 297*f + 953. Let i be h(-96). Calculate the highest common divisor of x and i.
89
Let c = 2526 + -2470. What is the highest common divisor of 5208 and c?
56
Let j(z) be the first derivative of -93*z**4/4 + 4*z**3/3 + 3*z**2/2 + 2*z + 146. Let f be j(-2). What is the highest common divisor of 56 and f?
28
Let f = -7 - -15. Suppose -2*k - 2*w = 82 - 174, 0 = -k + 3*w + 22. Calcu